{"id":54,"date":"2025-07-01T18:22:25","date_gmt":"2025-07-01T18:22:25","guid":{"rendered":"https:\/\/tymoteuszcabaj.pl\/?page_id=54"},"modified":"2025-08-03T18:48:24","modified_gmt":"2025-08-03T18:48:24","slug":"strona-glowna","status":"publish","type":"page","link":"https:\/\/tymoteuszcabaj.pl\/","title":{"rendered":"Strona g\u0142\u00f3wna"},"content":{"rendered":"\t\t<div data-elementor-type=\"wp-page\" data-elementor-id=\"54\" class=\"elementor elementor-54\">\n\t\t\t\t<div class=\"elementor-element elementor-element-aad73f6 e-flex e-con-boxed e-con e-parent\" data-id=\"aad73f6\" data-element_type=\"container\" data-e-type=\"container\" data-settings=\"{&quot;background_background&quot;:&quot;classic&quot;}\">\n\t\t\t\t\t<div class=\"e-con-inner\">\n\t\t<div class=\"elementor-element elementor-element-8de9d6c e-con-full e-flex e-con e-child\" data-id=\"8de9d6c\" data-element_type=\"container\" data-e-type=\"container\">\n\t\t\t\t<div class=\"elementor-element elementor-element-55214ce elementor-widget__width-initial elementor-widget elementor-widget-image\" data-id=\"55214ce\" data-element_type=\"widget\" data-e-type=\"widget\" data-widget_type=\"image.default\">\n\t\t\t\t\t\t\t\t\t\t\t\t\t\t\t<img fetchpriority=\"high\" decoding=\"async\" width=\"531\" height=\"800\" src=\"https:\/\/tymoteuszcabaj.pl\/wp-content\/uploads\/2025\/06\/1000028236.jpg\" class=\"attachment-medium_large size-medium_large wp-image-32\" alt=\"\" srcset=\"https:\/\/tymoteuszcabaj.pl\/wp-content\/uploads\/2025\/06\/1000028236.jpg 531w, https:\/\/tymoteuszcabaj.pl\/wp-content\/uploads\/2025\/06\/1000028236-199x300.jpg 199w\" sizes=\"(max-width: 531px) 100vw, 531px\" \/>\t\t\t\t\t\t\t\t\t\t\t\t\t\t\t<\/div>\n\t\t\t\t<\/div>\n\t\t<div class=\"elementor-element elementor-element-929cd89 e-con-full e-flex e-con e-child\" data-id=\"929cd89\" data-element_type=\"container\" data-e-type=\"container\">\n\t\t\t\t<div class=\"elementor-element elementor-element-c97f961 elementor-widget elementor-widget-text-editor\" data-id=\"c97f961\" data-element_type=\"widget\" data-e-type=\"widget\" data-widget_type=\"text-editor.default\">\n\t\t\t\t\t\t\t\t\t<div class=\"wrapper\"><div class=\"row unified-doctor-content\" data-eec=\"true\" data-eec-entity-type=\"doctor\" data-eec-entity-id=\"364956\" data-eec-specialization-ids=\"93,152\" data-eec-specialization-name=\"psycholog\" data-eec-stars-rating=\"5\" data-eec-opinions-count=\"55\" data-eec-address-cities=\"\u0141\u00f3d\u017a\" data-eec-has-photo=\"\" data-eec-has-calendar=\"\" data-eec-plan-type=\"plus\"><div class=\"unified-doctor-content-column col-md-8 col-lg-7\" data-doctor-id=\"364956\" data-id=\"entity-profile-left-column\"><section id=\"about-section\" class=\"card card-shadow-1 mb-1 mb-md-1-5 p-2\" data-nav-scroll=\"about-section\"><div class=\"mb-2\"><div class=\"modal fade modal-scrollable show\" role=\"dialog\" data-id=\"content-modal-about\" aria-modal=\"true\"><div class=\"modal-dialog\"><div class=\"modal-content\"><div class=\"modal-header\"><p>Psycholog, seksuolog, akredytowany coach ICF oraz uczestnik 5-letniego szkolenia psychoterapeutycznego w Katowickim Instytucie Psychoterapii (akredytacja Polskiego Towarzystwa Psychologicznego oraz Polskiego Towarzystwa Psychiatrycznego). Cz\u0142onek Polskiego Towarzystwa Psychologicznego, wyk\u0142adowca akademicki. Wspieram osoby doros\u0142e w obszarze zdrowia psychicznego, relacji, seksualno\u015bci i rozwoju osobistego. Prowadz\u0119 r\u00f3wnie\u017c warsztaty i szkolenia z zakresu kompetencji mi\u0119kkich i profilaktyki zdrowia psychicznego.<\/p><\/div><\/div><\/div><\/div><\/div><\/section><\/div><\/div><\/div>\t\t\t\t\t\t\t\t<\/div>\n\t\t\t\t<div class=\"elementor-element elementor-element-6af60c6 elementor-mobile-align-center elementor-widget elementor-widget-button\" data-id=\"6af60c6\" data-element_type=\"widget\" data-e-type=\"widget\" data-widget_type=\"button.default\">\n\t\t\t\t\t\t\t\t\t\t<a class=\"elementor-button elementor-button-link elementor-size-sm elementor-animation-shrink\" href=\"https:\/\/tymoteuszcabaj.pl\/index.php\/o-mnie\/\">\n\t\t\t\t\t\t<span class=\"elementor-button-content-wrapper\">\n\t\t\t\t\t\t\t\t\t<span class=\"elementor-button-text\">Wi\u0119cej o mnie<\/span>\n\t\t\t\t\t<\/span>\n\t\t\t\t\t<\/a>\n\t\t\t\t\t\t\t\t<\/div>\n\t\t\t\t<div class=\"elementor-element elementor-element-d44a2ce elementor-widget elementor-widget-heading\" data-id=\"d44a2ce\" data-element_type=\"widget\" data-e-type=\"widget\" data-widget_type=\"heading.default\">\n\t\t\t\t\t<h2 class=\"elementor-heading-title elementor-size-default\">Oferuj\u0119 wsparcie w obszarach:<\/h2>\t\t\t\t<\/div>\n\t\t\t\t<div class=\"elementor-element elementor-element-6045cbb elementor-widget elementor-widget-text-editor\" data-id=\"6045cbb\" data-element_type=\"widget\" data-e-type=\"widget\" data-widget_type=\"text-editor.default\">\n\t\t\t\t\t\t\t\t\t<div class=\"wrapper\"><div class=\"row unified-doctor-content\" data-eec=\"true\" data-eec-entity-type=\"doctor\" data-eec-entity-id=\"364956\" data-eec-specialization-ids=\"93,152\" data-eec-specialization-name=\"psycholog\" data-eec-stars-rating=\"5\" data-eec-opinions-count=\"55\" data-eec-address-cities=\"\u0141\u00f3d\u017a\" data-eec-has-photo=\"\" data-eec-has-calendar=\"\" data-eec-plan-type=\"plus\"><div class=\"unified-doctor-content-column col-md-8 col-lg-7\" data-doctor-id=\"364956\" data-id=\"entity-profile-left-column\"><section id=\"about-section\" class=\"card card-shadow-1 mb-1 mb-md-1-5 p-2\" data-nav-scroll=\"about-section\"><div class=\"mb-2\"><div class=\"modal fade modal-scrollable show\" role=\"dialog\" data-id=\"content-modal-about\" aria-modal=\"true\"><div class=\"modal-dialog\"><div class=\"modal-content\"><div class=\"modal-header\"><p>Psychoterapia par i wsparcie relacyjne<\/p><\/div><\/div><\/div><\/div><\/div><\/section><\/div><\/div><\/div>\t\t\t\t\t\t\t\t<\/div>\n\t\t\t\t<div class=\"elementor-element elementor-element-94e2044 elementor-widget elementor-widget-text-editor\" data-id=\"94e2044\" data-element_type=\"widget\" data-e-type=\"widget\" data-widget_type=\"text-editor.default\">\n\t\t\t\t\t\t\t\t\t<div class=\"wrapper\"><div class=\"row unified-doctor-content\" data-eec=\"true\" data-eec-entity-type=\"doctor\" data-eec-entity-id=\"364956\" data-eec-specialization-ids=\"93,152\" data-eec-specialization-name=\"psycholog\" data-eec-stars-rating=\"5\" data-eec-opinions-count=\"55\" data-eec-address-cities=\"\u0141\u00f3d\u017a\" data-eec-has-photo=\"\" data-eec-has-calendar=\"\" data-eec-plan-type=\"plus\"><div class=\"unified-doctor-content-column col-md-8 col-lg-7\" data-doctor-id=\"364956\" data-id=\"entity-profile-left-column\"><section id=\"about-section\" class=\"card card-shadow-1 mb-1 mb-md-1-5 p-2\" data-nav-scroll=\"about-section\"><div class=\"mb-2\"><div class=\"modal fade modal-scrollable show\" role=\"dialog\" data-id=\"content-modal-about\" aria-modal=\"true\"><div class=\"modal-dialog\"><div class=\"modal-content\"><div class=\"modal-header\"><p>Praca z parami w kryzysie, po zdradzie, z trudno\u015bci\u0105 w blisko\u015bci i komunikacji<\/p><\/div><\/div><\/div><\/div><\/div><\/section><\/div><\/div><\/div>\t\t\t\t\t\t\t\t<\/div>\n\t\t\t\t<div class=\"elementor-element elementor-element-871d5ae elementor-widget elementor-widget-text-editor\" data-id=\"871d5ae\" data-element_type=\"widget\" data-e-type=\"widget\" data-widget_type=\"text-editor.default\">\n\t\t\t\t\t\t\t\t\t<div class=\"wrapper\"><div class=\"row unified-doctor-content\" data-eec=\"true\" data-eec-entity-type=\"doctor\" data-eec-entity-id=\"364956\" data-eec-specialization-ids=\"93,152\" data-eec-specialization-name=\"psycholog\" data-eec-stars-rating=\"5\" data-eec-opinions-count=\"55\" data-eec-address-cities=\"\u0141\u00f3d\u017a\" data-eec-has-photo=\"\" data-eec-has-calendar=\"\" data-eec-plan-type=\"plus\"><div class=\"unified-doctor-content-column col-md-8 col-lg-7\" data-doctor-id=\"364956\" data-id=\"entity-profile-left-column\"><section id=\"about-section\" class=\"card card-shadow-1 mb-1 mb-md-1-5 p-2\" data-nav-scroll=\"about-section\"><div class=\"mb-2\"><div class=\"modal fade modal-scrollable show\" role=\"dialog\" data-id=\"content-modal-about\" aria-modal=\"true\"><div class=\"modal-dialog\"><div class=\"modal-content\"><div class=\"modal-header\"><p>Zaburzenia osobowo\u015bci i to\u017csamo\u015bci<\/p><\/div><\/div><\/div><\/div><\/div><\/section><\/div><\/div><\/div>\t\t\t\t\t\t\t\t<\/div>\n\t\t\t\t<div class=\"elementor-element elementor-element-294e347 elementor-widget elementor-widget-text-editor\" data-id=\"294e347\" data-element_type=\"widget\" data-e-type=\"widget\" data-widget_type=\"text-editor.default\">\n\t\t\t\t\t\t\t\t\t<div class=\"wrapper\"><div class=\"row unified-doctor-content\" data-eec=\"true\" data-eec-entity-type=\"doctor\" data-eec-entity-id=\"364956\" data-eec-specialization-ids=\"93,152\" data-eec-specialization-name=\"psycholog\" data-eec-stars-rating=\"5\" data-eec-opinions-count=\"55\" data-eec-address-cities=\"\u0141\u00f3d\u017a\" data-eec-has-photo=\"\" data-eec-has-calendar=\"\" data-eec-plan-type=\"plus\"><div class=\"unified-doctor-content-column col-md-8 col-lg-7\" data-doctor-id=\"364956\" data-id=\"entity-profile-left-column\"><section id=\"about-section\" class=\"card card-shadow-1 mb-1 mb-md-1-5 p-2\" data-nav-scroll=\"about-section\"><div class=\"mb-2\"><div class=\"modal fade modal-scrollable show\" role=\"dialog\" data-id=\"content-modal-about\" aria-modal=\"true\"><div class=\"modal-dialog\"><div class=\"modal-content\"><div class=\"modal-header\"><p>Problemy z to\u017csamo\u015bci\u0105, regulacj\u0105 emocji, wyznaczaniem granic i budowaniem blisko\u015bci<\/p><\/div><\/div><\/div><\/div><\/div><\/section><\/div><\/div><\/div>\t\t\t\t\t\t\t\t<\/div>\n\t\t\t\t<div class=\"elementor-element elementor-element-3aef1f2 elementor-widget elementor-widget-text-editor\" data-id=\"3aef1f2\" data-element_type=\"widget\" data-e-type=\"widget\" data-widget_type=\"text-editor.default\">\n\t\t\t\t\t\t\t\t\t<div class=\"wrapper\"><div class=\"row unified-doctor-content\" data-eec=\"true\" data-eec-entity-type=\"doctor\" data-eec-entity-id=\"364956\" data-eec-specialization-ids=\"93,152\" data-eec-specialization-name=\"psycholog\" data-eec-stars-rating=\"5\" data-eec-opinions-count=\"55\" data-eec-address-cities=\"\u0141\u00f3d\u017a\" data-eec-has-photo=\"\" data-eec-has-calendar=\"\" data-eec-plan-type=\"plus\"><div class=\"unified-doctor-content-column col-md-8 col-lg-7\" data-doctor-id=\"364956\" data-id=\"entity-profile-left-column\"><section id=\"about-section\" class=\"card card-shadow-1 mb-1 mb-md-1-5 p-2\" data-nav-scroll=\"about-section\"><div class=\"mb-2\"><div class=\"modal fade modal-scrollable show\" role=\"dialog\" data-id=\"content-modal-about\" aria-modal=\"true\"><div class=\"modal-dialog\"><div class=\"modal-content\"><div class=\"modal-header\"><p>Trudno\u015bci emocjonalne i regulacja afektu<\/p><\/div><\/div><\/div><\/div><\/div><\/section><\/div><\/div><\/div>\t\t\t\t\t\t\t\t<\/div>\n\t\t\t\t<div class=\"elementor-element elementor-element-2caf647 elementor-widget elementor-widget-text-editor\" data-id=\"2caf647\" data-element_type=\"widget\" data-e-type=\"widget\" data-widget_type=\"text-editor.default\">\n\t\t\t\t\t\t\t\t\t<div class=\"wrapper\"><div class=\"row unified-doctor-content\" data-eec=\"true\" data-eec-entity-type=\"doctor\" data-eec-entity-id=\"364956\" data-eec-specialization-ids=\"93,152\" data-eec-specialization-name=\"psycholog\" data-eec-stars-rating=\"5\" data-eec-opinions-count=\"55\" data-eec-address-cities=\"\u0141\u00f3d\u017a\" data-eec-has-photo=\"\" data-eec-has-calendar=\"\" data-eec-plan-type=\"plus\"><div class=\"unified-doctor-content-column col-md-8 col-lg-7\" data-doctor-id=\"364956\" data-id=\"entity-profile-left-column\"><section id=\"about-section\" class=\"card card-shadow-1 mb-1 mb-md-1-5 p-2\" data-nav-scroll=\"about-section\"><div class=\"mb-2\"><div class=\"modal fade modal-scrollable show\" role=\"dialog\" data-id=\"content-modal-about\" aria-modal=\"true\"><div class=\"modal-dialog\"><div class=\"modal-content\"><div class=\"modal-header\"><p>Z\u0142o\u015b\u0107, l\u0119k, wstyd, zamro\u017cenie emocjonalne, impulsywno\u015b\u0107<\/p><\/div><\/div><\/div><\/div><\/div><\/section><\/div><\/div><\/div>\t\t\t\t\t\t\t\t<\/div>\n\t\t\t\t<div class=\"elementor-element elementor-element-d338a38 elementor-widget elementor-widget-text-editor\" data-id=\"d338a38\" data-element_type=\"widget\" data-e-type=\"widget\" data-widget_type=\"text-editor.default\">\n\t\t\t\t\t\t\t\t\t<div class=\"wrapper\"><div class=\"row unified-doctor-content\" data-eec=\"true\" data-eec-entity-type=\"doctor\" data-eec-entity-id=\"364956\" data-eec-specialization-ids=\"93,152\" data-eec-specialization-name=\"psycholog\" data-eec-stars-rating=\"5\" data-eec-opinions-count=\"55\" data-eec-address-cities=\"\u0141\u00f3d\u017a\" data-eec-has-photo=\"\" data-eec-has-calendar=\"\" data-eec-plan-type=\"plus\"><div class=\"unified-doctor-content-column col-md-8 col-lg-7\" data-doctor-id=\"364956\" data-id=\"entity-profile-left-column\"><section id=\"about-section\" class=\"card card-shadow-1 mb-1 mb-md-1-5 p-2\" data-nav-scroll=\"about-section\"><div class=\"mb-2\"><div class=\"modal fade modal-scrollable show\" role=\"dialog\" data-id=\"content-modal-about\" aria-modal=\"true\"><div class=\"modal-dialog\"><div class=\"modal-content\"><div class=\"modal-header\"><p>Zrozumienie przyczyn trudno\u015bci w kontek\u015bcie rodziny pochodzenia<\/p><\/div><\/div><\/div><\/div><\/div><\/section><\/div><\/div><\/div>\t\t\t\t\t\t\t\t<\/div>\n\t\t\t\t<div class=\"elementor-element elementor-element-3872fb8 elementor-widget elementor-widget-text-editor\" data-id=\"3872fb8\" data-element_type=\"widget\" data-e-type=\"widget\" data-widget_type=\"text-editor.default\">\n\t\t\t\t\t\t\t\t\t<div class=\"wrapper\"><div class=\"row unified-doctor-content\" data-eec=\"true\" data-eec-entity-type=\"doctor\" data-eec-entity-id=\"364956\" data-eec-specialization-ids=\"93,152\" data-eec-specialization-name=\"psycholog\" data-eec-stars-rating=\"5\" data-eec-opinions-count=\"55\" data-eec-address-cities=\"\u0141\u00f3d\u017a\" data-eec-has-photo=\"\" data-eec-has-calendar=\"\" data-eec-plan-type=\"plus\"><div class=\"unified-doctor-content-column col-md-8 col-lg-7\" data-doctor-id=\"364956\" data-id=\"entity-profile-left-column\"><section id=\"about-section\" class=\"card card-shadow-1 mb-1 mb-md-1-5 p-2\" data-nav-scroll=\"about-section\"><div class=\"mb-2\"><div class=\"modal fade modal-scrollable show\" role=\"dialog\" data-id=\"content-modal-about\" aria-modal=\"true\"><div class=\"modal-dialog\"><div class=\"modal-content\"><div class=\"modal-header\"><p>Wp\u0142yw \u015brodowiska wychowawczego, schematy z dzieci\u0144stwa, trudno\u015bci w budowaniu dojrza\u0142ych relacji<\/p><\/div><\/div><\/div><\/div><\/div><\/section><\/div><\/div><\/div>\t\t\t\t\t\t\t\t<\/div>\n\t\t\t\t<div class=\"elementor-element elementor-element-7bde892 elementor-widget elementor-widget-text-editor\" data-id=\"7bde892\" data-element_type=\"widget\" data-e-type=\"widget\" data-widget_type=\"text-editor.default\">\n\t\t\t\t\t\t\t\t\t<div class=\"wrapper\"><div class=\"row unified-doctor-content\" data-eec=\"true\" data-eec-entity-type=\"doctor\" data-eec-entity-id=\"364956\" data-eec-specialization-ids=\"93,152\" data-eec-specialization-name=\"psycholog\" data-eec-stars-rating=\"5\" data-eec-opinions-count=\"55\" data-eec-address-cities=\"\u0141\u00f3d\u017a\" data-eec-has-photo=\"\" data-eec-has-calendar=\"\" data-eec-plan-type=\"plus\"><div class=\"unified-doctor-content-column col-md-8 col-lg-7\" data-doctor-id=\"364956\" data-id=\"entity-profile-left-column\"><section id=\"about-section\" class=\"card card-shadow-1 mb-1 mb-md-1-5 p-2\" data-nav-scroll=\"about-section\"><div class=\"mb-2\"><div class=\"modal fade modal-scrollable show\" role=\"dialog\" data-id=\"content-modal-about\" aria-modal=\"true\"><div class=\"modal-dialog\"><div class=\"modal-content\"><div class=\"modal-header\"><p>Diagnoza psychologiczna i konsultacje specjalistyczne<\/p><\/div><\/div><\/div><\/div><\/div><\/section><\/div><\/div><\/div>\t\t\t\t\t\t\t\t<\/div>\n\t\t\t\t<div class=\"elementor-element elementor-element-208d3cc elementor-widget elementor-widget-text-editor\" data-id=\"208d3cc\" data-element_type=\"widget\" data-e-type=\"widget\" data-widget_type=\"text-editor.default\">\n\t\t\t\t\t\t\t\t\t<div class=\"wrapper\"><div class=\"row unified-doctor-content\" data-eec=\"true\" data-eec-entity-type=\"doctor\" data-eec-entity-id=\"364956\" data-eec-specialization-ids=\"93,152\" data-eec-specialization-name=\"psycholog\" data-eec-stars-rating=\"5\" data-eec-opinions-count=\"55\" data-eec-address-cities=\"\u0141\u00f3d\u017a\" data-eec-has-photo=\"\" data-eec-has-calendar=\"\" data-eec-plan-type=\"plus\"><div class=\"unified-doctor-content-column col-md-8 col-lg-7\" data-doctor-id=\"364956\" data-id=\"entity-profile-left-column\"><section id=\"about-section\" class=\"card card-shadow-1 mb-1 mb-md-1-5 p-2\" data-nav-scroll=\"about-section\"><div class=\"mb-2\"><div class=\"modal fade modal-scrollable show\" role=\"dialog\" data-id=\"content-modal-about\" aria-modal=\"true\"><div class=\"modal-dialog\"><div class=\"modal-content\"><div class=\"modal-header\"><p>Ocena funkcjonowania psychicznego i emocjonalnego, pomoc w planowaniu dalszej terapii<\/p><\/div><\/div><\/div><\/div><\/div><\/section><\/div><\/div><\/div>\t\t\t\t\t\t\t\t<\/div>\n\t\t\t\t<div class=\"elementor-element elementor-element-f359255 elementor-mobile-align-center elementor-widget elementor-widget-button\" data-id=\"f359255\" data-element_type=\"widget\" data-e-type=\"widget\" data-widget_type=\"button.default\">\n\t\t\t\t\t\t\t\t\t\t<a class=\"elementor-button elementor-button-link elementor-size-sm elementor-animation-shrink\" href=\"https:\/\/tymoteuszcabaj.pl\/index.php\/wizyty\/\">\n\t\t\t\t\t\t<span class=\"elementor-button-content-wrapper\">\n\t\t\t\t\t\t\t\t\t<span class=\"elementor-button-text\">Um\u00f3w wizyt\u0119<\/span>\n\t\t\t\t\t<\/span>\n\t\t\t\t\t<\/a>\n\t\t\t\t\t\t\t\t<\/div>\n\t\t\t\t<\/div>\n\t\t\t\t\t<\/div>\n\t\t\t\t<\/div>\n\t\t\t\t<\/div>\n\t\t","protected":false},"excerpt":{"rendered":"<p>Psycholog, seksuolog, akredytowany coach ICF oraz uczestnik 5-letniego szkolenia psychoterapeutycznego w Katowickim Instytucie Psychoterapii (akredytacja Polskiego Towarzystwa Psychologicznego oraz Polskiego Towarzystwa Psychiatrycznego). Cz\u0142onek Polskiego Towarzystwa Psychologicznego, wyk\u0142adowca akademicki. Wspieram osoby doros\u0142e w obszarze zdrowia psychicznego, relacji, seksualno\u015bci i rozwoju osobistego. Prowadz\u0119 r\u00f3wnie\u017c warsztaty i szkolenia z zakresu kompetencji mi\u0119kkich i profilaktyki zdrowia psychicznego. Wi\u0119cej o [&hellip;]<\/p>\n","protected":false},"author":2,"featured_media":0,"parent":0,"menu_order":0,"comment_status":"closed","ping_status":"closed","template":"","meta":{"footnotes":""},"class_list":["post-54","page","type-page","status-publish","hentry"],"blocksy_meta":[],"_links":{"self":[{"href":"https:\/\/tymoteuszcabaj.pl\/index.php\/wp-json\/wp\/v2\/pages\/54","targetHints":{"allow":["GET"]}}],"collection":[{"href":"https:\/\/tymoteuszcabaj.pl\/index.php\/wp-json\/wp\/v2\/pages"}],"about":[{"href":"https:\/\/tymoteuszcabaj.pl\/index.php\/wp-json\/wp\/v2\/types\/page"}],"author":[{"embeddable":true,"href":"https:\/\/tymoteuszcabaj.pl\/index.php\/wp-json\/wp\/v2\/users\/2"}],"replies":[{"embeddable":true,"href":"https:\/\/tymoteuszcabaj.pl\/index.php\/wp-json\/wp\/v2\/comments?post=54"}],"version-history":[{"count":97,"href":"https:\/\/tymoteuszcabaj.pl\/index.php\/wp-json\/wp\/v2\/pages\/54\/revisions"}],"predecessor-version":[{"id":249,"href":"https:\/\/tymoteuszcabaj.pl\/index.php\/wp-json\/wp\/v2\/pages\/54\/revisions\/249"}],"wp:attachment":[{"href":"https:\/\/tymoteuszcabaj.pl\/index.php\/wp-json\/wp\/v2\/media?parent=54"}],"curies":[{"name":"wp","href":"https:\/\/api.w.org\/{rel}","templated":true}]}}